*2/(-6)*2 is divided by (2/(-4))/(1/o)?
9
Let g(v) = v**3 + 8*v**2 + v - 11. Suppose 9*n + 29 + 7 = 0. What is the remainder when g(n) is divided by 26?
23
Calculate the remainder when 67 is divided by ((-270)/7)/(-5) + 8/28.
3
Suppose -36*h - 25*h + 8601 = 0. What is the remainder when h is divided by 24?
21
Suppose 0 = -9*j + 216 + 99. Calculate the remainder when 135 is divided by j.
30
Let i(v) = -v**3 - 12*v**2 - 10*v + 38. What is the remainder when ((-70)/(-8))/((-8)/(-96)) is divided by i(-11)?
24
Suppose 129*z = 103*z + 1274. Calculate the remainder when z is divided by (-2)/6 + 62/6.
9
Suppose 77*f - 80*f = -42. Calculate the remainder when 207 is divided by f.
11
Let o(u) = -2*u + 6. Let t be o(-3). What is the remainder when (136/t)/((-4)/(-6)) is divided by 6?
5
Let k = 2 - 8. Let m be (-1)/((-81)/(-39) + -2). Let t = k - m. What is the remainder when 26 is divided by t?
5
Let m = 35 + -23. Let w = m + -14. Calculate the remainder when 4/w + 11/1 is divided by 4.
1
Let j = 50 + -53. Calculate the remainder when 54 is divided by j/(27/(-120)) - (-6)/9.
12
Suppose 4*p - 2*g = 9 + 21, -g + 15 = 4*p. Let a(w) = w**3 - 5*w**2 + 4*w - 13. What is the remainder when a(5) is divided by p?
2
Suppose -4*q - 34 = -2*c, c - 2*q - 2*q - 23 = 0. Let m be 1 + -2 + 32 + -3. Let p = m - 7. What is the remainder when p is divided by c?
10
What is the remainder when (-4)/(-26) - (-4 + (-5248)/26) is divided by 23?
22
Suppose -14*x + 139 = -11*x - u, 143 = 3*x - 2*u. What is the remainder when x is divided by 12?
9
Let f be (248/32)/((-2)/(-8)). What is the remainder when 85 is divided by f - (1 + 3 - 2)?
27
Let u = 156 - 148. Suppose 3*y = -5 + 17. Suppose -3*c + 3*i + 36 = 0, -5*c + y*i = -30 - 31. Calculate the remainder when c is divided by u.
5
Let p(k) = k**2 - 7*k - 14. Let g(t) = -t**3 + 14*t**2 + t - 4. Let r be g(14). Calculate the remainder when 30 is divided by p(r).
14
Suppose 0 = -3*i - 4*p - 260, -2*i = -4*i + 3*p - 145. Let v = i + 91. What is the remainder when 20 is divided by v?
9
Suppose -99 = 4*d - d. Let h = 48 + d. Let y = -2 - -6. Calculate the remainder when h is divided by y.
3
Suppose -v = -2*h + 78, -5*v + v - 117 = -3*h. What is the remainder when 6/21 - (4352/(-56) - -7) is divided by h?
32
Let s = 4 - 2. Suppose -5*z + 17 = 2. Suppose -3 = -c + z*v - 0, -3*c + 35 = 4*v. Calculate the remainder when c is divided by s.
1
Suppose k - 2*k + 2*p = -11, k - 25 = -5*p. Calculate the remainder when (-3)/(-9) + (-460)/(-6) is divided by (-78)/4*(-20)/k.
25
What is the remainder when 141 is divided by (10 + 814/(-55))/(6/(-20))?
13
Let a(i) = -i - 1. Calculate the remainder when 112 is divided by a(-14).
8
Let k = -218 + 247. What is the remainder when 259 is divided by k?
27
Let s be (-2 + 3)*((18 - -5) + 0). Let c = 117 - s. What is the remainder when c is divided by 24?
22
Let j(b) = -2*b + 9. What is the remainder when 102 is divided by j(-6)?
18
Suppose -4*s - 12 - 9 = 5*j, -2*s - j = 15. Suppose 35 = 3*a + 14. What is the remainder when a is divided by 5 + (s + 3)/3?
1
Suppose -3*i - 77 = -4*f, 13*i + 51 + 26 = -f. Calculate the remainder when 38 + -1 - (1 - 1) is divided by f.
9
Suppose -4*t = -2*t - 2*h + 10, -45 = 4*t + h. What is the remainder when 12 is divided by t/(-16)*2*4?
2
Suppose -4*w = -w - 6. What is the remainder when 1345/45 - w/(-18) is divided by ((-8)/5)/(2/(-10))?
6
Let j = -12 + 17. Let p be (-30)/(-2 + 48/27). Suppose 2*x + j*i = p, -4*x + 263 = 6*i - 3*i. What is the remainder when x is divided by 22?
21
Suppose -40*x + 1131 = -11*x. What is the remainder when 119 is divided by x?
2
Let y be 0*3/9 + -8. Let o(b) = b**3 - 14*b**2 + 11*b + 31. Calculate the remainder when o(13) is divided by 18/8 - (-2)/y.
1
Let o be 6/12*2*-1. Let g be -1*(-4 - o) + 1. Let k = g - -15. What is the remainder when k is divided by 7?
5
Let p(a) = 9*a + 102. What is the remainder when 19 is divided by p(-10)?
7
Suppose -16*m = -18*m + 44. Let f = m + -11. Calculate the remainder when 43 is divided by f.
10
Suppose 3*m + 0*m - 1680 = 0. What is the remainder when (-1)/(m/(-186) + 3) is divided by 32?
29
Suppose -120 = -2*p + 3*w, 0 = -11*w + 15*w. Suppose -12 - 9 = -4*k + 3*l, 3*k - 17 = 2*l. Calculate the remainder when p is divided by k.
6
Suppose 5*b - 6*i + 8*i - 145 = 0, 2*b + 4*i - 58 = 0. Let x(j) = 4*j + 2. Let f be x(-4). Let d = 22 + f. What is the remainder when b is divided by d?
5
Suppose 2*k = -3*k + 725. What is the remainder when k is divided by 49?
47
Suppose -15*x + 20*x - 791 = 3*d, -4*d + 12 = 0. Calculate the remainder when x is divided by 3.
1
Suppose -4*z - 4*w + 72 = 0, -78 = -5*z - 91*w + 92*w. Let j(k) = 3*k + 4 - 2*k - 3. What is the remainder when z is divided by j(5)?
4
Let v = -144 - -154. Calculate the remainder when 16 is divided by v.
6
Let n(l) = -7*l. Suppose -4*u + 12 = -u + x, -18 = -5*u - x. Suppose 0 = -a - 3, -u*h - a + 132 = -6*a. Calculate the remainder when h is divided by n(-3).
18
Suppose 6*j - 1816 + 370 = 0. Suppose 18*d - j - 569 = 0. Calculate the remainder when d is divided by 16.
13
Suppose 36 = 5*n + 4*m, 5*n = 2*m + 18 + 24. Let s be (1/3)/(2 + 555/(-279)). Suppose n*q - 9*q + s = 0. Calculate the remainder when q is divided by 8.
7
Let a(u) = 6*u**2 - 15*u - 75. What is the remainder when a(-6) is divided by 9?
6
Let n(m) be the first derivative of -1/2*m**2 + 33*m - 6. What is the remainder when n(0) is divided by 18?
15
Suppose -3*b = -26 + 17. Let z = 30 + -7. What is the remainder when z is divided by (8/(-6) - b)/(1/(-3))?
10
Suppose -3*t = -1030 + 412. What is the remainder when t is divided by 42?
38
Let t = 8 + 4. What is the remainder when 29 is divided by 4/t*3 - -8 - 1?
5
Calculate the remainder when 112 is divided by (-32)/(-80)*-5*(-46)/4.
20
Let v(i) = 30*i**2 + i - 1. Let b be v(1). Let d = b + -4. Suppose d + 5 = w. What is the remainder when w is divided by 11?
9
What is the remainder when (-2 + 91/35)*85 is divided by 9?
6
Suppose -4*o + 108 = -2*o. What is the remainder when o is divided by 68/5 - ((-156)/(-10) + -16)?
12
Let p = -28 + 38. Suppose -8*f - 22 = -p*f. What is the remainder when 2/5 - 148/(-5) is divided by f?
8
Let q(u) = -u**2 - u - 1. Let m(w) = 2*w**3 - 13*w**2 + 14*w + 9. Let p(o) = -m(o) - 3*q(o). Calculate the remainder when 103 is divided by p(7).
13
Let d = -14 + 21. Suppose d*a - 105 = 4*a. Let m = 25 + -6. Calculate the remainder when a is divided by m.
16
Suppose -3*j - 196 = -5*u - 2*j, j = -u + 38. Suppose 4*k = 5*w + u, 0 = 3*k - 5*w - 31 + 3. What is the remainder when 20 is divided by k?
9
Suppose -4*v - p + 123 = -78, 0 = 5*v + 2*p - 255. Let n = 21 + -8. What is the remainder when v is divided by n?
10
Let z(j) = 2*j**2 - 2*j - 2. Suppose -2*l + 0*l + 12 = 0. Calculate the remainder when l is divided by z(2).
0
Let h(t) = 2*t**2 - 14*t - 8. What is the remainder when h(12) is divided by 9?
4
Suppose -2*f - 5*d = 19, f = 2*d + 8 + 5. Suppose -f*x = -2*h, x + 5*h - 11 = 3*x. What is the remainder when (-168)/x*15/(-20) is divided by 22?
19
Let d be 31*-4*3/(-6). Let w = 90 - d. Calculate the remainder when 34 is divided by 4 + -1 + -13 + w.
16
Let l be 6/14 + (-6)/14. Suppose l*c + 4*c = -5*u + 35, 0 = -5*c + 5*u + 100. What is the remainder when 72 is divided by c?
12
Let o(w) = -6*w**2 - 1. Let b be o(1). Let d = b - -10. Suppose 0 = -d*r + 5*n + 24, 2*r - 4*n - 10 - 6 = 0. What is the remainder when r is divided by 5?
3
Let f = 13 - -41. Suppose -3*j - f = -6*j. Calculate the remainder when 33 is divided by j.
15
Let h(c) = 3*c - 3. Calculate the remainder when -3*2/12*-86 is divided by h(4).
7
Suppose -j - 2*r = -14, -j - j + 4 = -2*r. Suppose -6 = -4*n + j*n, -a + 3*n = -24. What is the remainder when 43 is divided by a?
13
Let j = 228 - 200. Suppose o = 5*o + 2*s - 234, s + 107 = 2*o. Calculate the remainder when o - (-4)/((-8)/6) is divided by j.
25
Suppose -d - 35 = 4*a, 3*a + 154 = -4*d + a. Let z = 74 + d. Calculate the remainder when z is divided by 19.
16
Let c(i) = i**3 - 2*i**2 + i + 1. Let m be c(2). Suppose 0 = a - m*a + 64. Calculate the remainder when a is divided by 12.
8
Let n(o) = -4*o - 1 - 2 + o + 4*o. Let k be n(5). Calculate the remainder when 17 + 0 - (-8)/k is divided by 11.
10
Suppose 30 = 